2 and k?
12
Let m = -13 + 25. Suppose 4*s - 5*g + 12 = 0, -m = -4*s - g - 0*g. Suppose 0 = -0*w - w + s. Calculate the greatest common divisor of w and 2.
2
Let k = 21 + -13. Let i = -22574 + 22586. What is the highest common factor of i and k?
4
Let t = -56 + 57. Let n be 12/(-15)*(-6 + t). Calculate the highest common divisor of n and 2.
2
Let a be (-163 - -228)*3/(15/4). What is the greatest common divisor of a and 13?
13
Let x be (2/(-9)*3)/((-8)/(-492)). Let q = x + 67. Calculate the greatest common factor of 130 and q.
26
Let o be (-25)/(-10) - (-1875)/10. What is the greatest common divisor of o and 114?
38
Let c be (-1 + -4)/(-5) + 2 + 54. What is the highest common divisor of 665 and c?
19
Suppose 62*t - 31222 - 17324 = 0. What is the greatest common factor of 29 and t?
29
Suppose 682*k - 686*k + 144 = 0. What is the greatest common factor of k and 3?
3
Let i(o) = -o**2 + 14*o + 8. Suppose 5*u - 2*w - 28 = 2*w, -u = 2*w - 14. Let t be i(u). Calculate the greatest common divisor of 8 and t.
8
Let x be (60 - (5 - 7)) + 3. Let l = 68 - x. What is the highest common divisor of 2 and l?
1
Suppose -165*u + 4028 = -161*u. What is the greatest common factor of 159 and u?
53
Let d = -12 + 11. Let s = -8 - -5. Let m be d*66*s + 0. What is the highest common factor of m and 22?
22
Suppose 0 = -5*t + 5*x + 30, 0*x = -2*x - 4. Calculate the highest common divisor of t and 208.
4
Let i be (-56)/3*((-18)/12)/1. Suppose -3*p + 232 = -4*f - 0*f, -2*p - 4*f = -188. What is the greatest common divisor of p and i?
28
Let w = -357 + 1225. What is the highest common factor of 28 and w?
28
Let r = 61 - 51. Let w be 5/r - (3 + (-58)/4). Calculate the highest common factor of w and 12.
12
Suppose 4*o - 195 - 37 = 5*c, 0 = 5*o - 5*c - 295. Calculate the highest common divisor of 54 and o.
9
Suppose -2*u + 33 = -3*b, 3*u = 18*b - 23*b + 97. Suppose -r = -3*g + 22, 2*r + 2*r = -3*g + 2. What is the greatest common factor of u and g?
6
Let z(j) = -j**3 - 4*j**2 - 5*j - 4. Let p be z(-3). Suppose p*g - 2 + 10 = 0. Let v be (2/3)/(g/(-84)). Calculate the greatest common factor of 112 and v.
14
Suppose 52*g - 36*g = 672. Suppose -5*l = 4*f - 74, l - 11 - 2 = f. Calculate the highest common factor of g and l.
14
Suppose 0 = p, 3*z - z + p = 0. Suppose z = 3*l - 4*l + 10. What is the highest common divisor of 15 and l?
5
Suppose -n = -2, 77*n = 5*o + 75*n - 116. Calculate the highest common factor of 888 and o.
24
Suppose 2*o + o = -102. Let r = -34 - o. Suppose r = 5*f - 2*f - 45. What is the highest common factor of 120 and f?
15
Suppose -n = 82 + 1. Let u = -24 - n. Suppose 0 = 2*a - d - 156, -4*a + 3*d = -253 - u. What is the highest common factor of a and 52?
26
Suppose 0 = -4*m + 26 + 82. Let p = 55 - m. What is the highest common factor of p and 14?
14
Let q be 2*(-3)/6*-17. Suppose -q = 4*h - 105. Let m = 39 - 28. Calculate the greatest common factor of m and h.
11
Suppose -3*b - 4*y - 249 = -0*y, 2*b = 5*y - 143. Let z = b - -89. Let v be ((-8)/6)/(2/(-3)). What is the highest common factor of v and z?
2
Suppose 365 = 11*v - 97. What is the highest common factor of 105 and v?
21
Suppose -2 = -2*l - 2*o, 3 = 6*l - 3*l + 5*o. Let g = -44 + 55. Calculate the greatest common divisor of g and l.
1
Suppose -c = -3*f - 21, 9 = -3*f - 0*f. Suppose 2*r - 3*r + c = 0. Calculate the highest common factor of 36 and r.
12
Suppose -6*y = -3*y + 963. Let t = -201 - y. What is the greatest common factor of t and 10?
10
Suppose -l = -21*l + 4400. What is the greatest common factor of 44 and l?
44
Let p(s) = 8*s**2 + 7*s + 6. Let n be p(-8). What is the highest common divisor of 42 and n?
42
Suppose 0 = -b - 6*b - 245. Let n = -27 - b. What is the greatest common factor of 88 and n?
8
Suppose 37*c - 11*c - 12480 = 0. What is the greatest common divisor of 15 and c?
15
Let v(p) = p**3 - 26*p**2 + 53*p - 2. Let g be v(24). What is the greatest common divisor of 885 and g?
59
Let k be (-2)/6 - 1/(-3). Suppose k = -2*i - 0*i + 42. Suppose -i = -2*p + 49. Calculate the highest common factor of p and 5.
5
Suppose 5*j - 7 = -2*t + 26, 5*t + 5 = 5*j. Suppose 12 = -j*a + a. Let c be (a + 0)/((-6)/14). Calculate the greatest common divisor of c and 35.
7
Let r be 24/(4/(-16) + 7/4). Suppose 40 = 2*h + r. Calculate the greatest common divisor of h and 60.
12
Let b be (-1668)/(-18) - (-5)/(-3). Let o = 19 + -6. Calculate the greatest common divisor of b and o.
13
Suppose -4*b = -0*z - z + 75, -5*z = -2*b - 321. Let y = 16 + 26. What is the greatest common factor of y and z?
21
Suppose 0 = -3*v + l - 2*l + 145, 5*v - 235 = 5*l. Calculate the greatest common factor of v and 144.
48
Let d(i) = i**3 + 8*i**2 + 7*i + 2. Suppose 0 = 22*g - 17*g + 35. Let a be d(g). Suppose 7*u = a*u + 960. Calculate the greatest common divisor of 24 and u.
24
Let f = 131 - 188. Let b = 73 + f. Calculate the highest common divisor of 112 and b.
16
Suppose 10*f = 251 - 91. Let v be 15/10*(-64)/(-3). Calculate the highest common divisor of v and f.
16
Suppose 3*j - 2*v = -55, 2*j + 53 - 13 = 2*v. Let d be -1 + 4/(-6)*j. Suppose -21 = -3*m + d. What is the greatest common divisor of 70 and m?
10
Let c = 20 + -16. Suppose -5*g - 2*l = -0*l - 664, 652 = 5*g - c*l. What is the greatest common factor of 12 and g?
12
Let c be (1/(-5))/(21/(-70))*3. Calculate the greatest common divisor of 18 and c.
2
Let x(g) = g**2 + 5*g. Let w be x(-6). Suppose 1056 = 113*p - 97*p. What is the greatest common factor of p and w?
6
Let q(p) = -p**3 + 14*p**2 - p. Let g be q(3). Calculate the greatest common divisor of g and 240.
48
Suppose k - 695 = -4*k. Let x(p) = 98*p**2 - p. Let o be x(-1). Let l = k + o. What is the greatest common divisor of l and 34?
34
Let b be 28/5*(22 + 3). Let k(f) = 3*f**2 - 2*f + 1. Let y be k(1). Suppose -3*o = u - 62, 2*u = -y*o - 10 + 54. Calculate the highest common factor of o and b.
20
Let d be (2/5)/((-5636)/470 - -12). What is the greatest common divisor of d and 1175?
47
Let i = 36 + -70. Let q = -13 - i. Let v be 1/(-3) + (-129)/(-9). What is the greatest common factor of v and q?
7
Suppose -p + 75 - 26 = 0. Let l be -1 + 10/8 - 16031/(-164). What is the greatest common divisor of l and p?
49
Suppose j = 4*v + 5*j - 4296, 0 = 3*v - 5*j - 3198. Calculate the highest common factor of 63 and v.
63
Let v = 2106 + -2018. Let c be ((-4)/3)/(2/(-12)). Calculate the greatest common divisor of v and c.
8
Suppose -5*w = -4*l - 436, 0 = -3*w - 10 - 2. Let k = l + 184. What is the highest common factor of 28 and k?
14
Let l be (-1 - 1) + (-26)/13. Let u be (-4 - -80)/2 + l. Calculate the highest common divisor of 85 and u.
17
Let p = 414 - 390. Suppose -2*x = -4*x + 72. What is the greatest common factor of x and p?
12
Let o = -84 - -279. What is the greatest common divisor of 39 and o?
39
Suppose u - 6*u + 405 = 0. Suppose -3*k - 4*q = -110, -3*k + q + u + 4 = 0. Calculate the greatest common factor of 75 and k.
15
Let c = 3 + 0. Suppose 0 = -a, 2 = -4*n - a + 98. Calculate the greatest common divisor of n and c.
3
Let c be 9135/232 - 6/16. What is the highest common divisor of c and 65?
13
Let l = -33 + 36. Suppose l*s - 61 + 19 = 0. Calculate the highest common divisor of s and 126.
14
Let m be (-15)/20 - (-10)/(-8). Let t be 3/m + 207/6 + 0. Calculate the greatest common divisor of t and 44.
11
Let m(u) = 2*u**2 - 2*u - 48. Let b be m(-8). Calculate the greatest common divisor of 72 and b.
24
Let r = -65 + 20. Let c be 34 + 9/(r/20). Calculate the greatest common factor of 10 and c.
10
Let z be 141 + 2 + -1 + 1. Let l(u) = -4*u - 3. Suppose -5*r + 8 = 28. Let q be l(r). What is the highest common divisor of z and q?
13
Suppose 3*s + 0 = -3. Let p be s*(-1)/(3/(-6)). Let a = p - -3. What is the greatest common divisor of a and 8?
1
Suppose -4*g - 29 + 1 = 0. Let a = g - -11. Suppose 5*h - j + 0*j = 53, 0 = -a*h + 2*j + 46. Calculate the highest common factor of 10 and h.
10
Let v = 21 - 16. Suppose v*t - 9 - 6 = 0, 0 = -4*h + 5*t + 93. Suppose -5*m - h = -2*o, 0*o + 5*m = -2*o - 3. Calculate the greatest common factor of 42 and o.
6
Suppose -k = 7*k - 96. Let l(d) = -13*d**2 + 6 + 13*d + 8 - d + d**3. Let p be l(k). What is the highest common factor of p and 126?
14
Let p be 164/6 + (-24)/(-36). Let x